reatest common factor of 627 and 18843?
33
What is the highest common factor of 20 and 727460?
20
Calculate the greatest common factor of 67620 and 63825.
345
Calculate the greatest common factor of 17501 and 5291.
407
Calculate the greatest common divisor of 1860090 and 60.
30
Calculate the greatest common divisor of 593657 and 34.
17
Calculate the highest common factor of 136056 and 24.
24
What is the greatest common factor of 106 and 3243388?
106
What is the greatest common divisor of 261949 and 41?
41
Calculate the greatest common divisor of 12803 and 54103.
413
Calculate the greatest common factor of 4 and 65444.
4
Calculate the greatest common divisor of 75 and 65950.
25
Calculate the highest common factor of 1889911 and 57.
19
What is the greatest common divisor of 9336985 and 7?
7
What is the greatest common divisor of 2581 and 3277?
29
What is the greatest common factor of 22 and 695398?
22
Calculate the highest common factor of 4905 and 145.
5
Calculate the greatest common divisor of 5074 and 39259.
43
What is the greatest common divisor of 568 and 23572?
284
What is the highest common divisor of 116 and 30748?
4
Calculate the greatest common factor of 638713 and 281.
281
What is the highest common divisor of 614439 and 1512?
189
Calculate the highest common divisor of 19 and 2242817.
19
What is the highest common factor of 50 and 692600?
50
What is the highest common divisor of 5221232 and 32?
16
Calculate the highest common factor of 360342 and 54.
54
What is the highest common divisor of 35 and 79865?
5
What is the greatest common factor of 49 and 9991639?
49
What is the greatest common factor of 32 and 48592?
16
What is the highest common divisor of 4456878 and 1338?
1338
What is the greatest common factor of 117 and 68679?
117
Calculate the greatest common divisor of 1292 and 117249.
323
What is the greatest common factor of 29469 and 2166?
57
What is the highest common factor of 2086097 and 481?
481
Calculate the highest common factor of 448 and 2702.
14
Calculate the highest common factor of 126 and 74928.
42
Calculate the greatest common factor of 13871 and 11.
11
Calculate the greatest common factor of 11060 and 1340.
20
What is the greatest common divisor of 99 and 37257?
33
What is the highest common divisor of 896 and 119?
7
Calculate the highest common factor of 16019 and 386.
193
Calculate the highest common factor of 15070 and 960370.
1370
Calculate the greatest common factor of 216 and 634.
2
Calculate the greatest common divisor of 1939756 and 28.
28
Calculate the greatest common factor of 62492 and 68.
68
What is the highest common divisor of 224046 and 3888?
486
Calculate the greatest common factor of 1744 and 208.
16
Calculate the highest common factor of 6728767 and 31.
31
Calculate the highest common factor of 22 and 2390289.
11
What is the highest common factor of 73296 and 9648?
144
Calculate the highest common divisor of 15230 and 440.
10
Calculate the highest common factor of 75844 and 5660.
1132
Calculate the greatest common factor of 4334 and 352.
22
What is the highest common divisor of 223068 and 87?
87
What is the greatest common divisor of 120 and 24468?
12
Calculate the greatest common divisor of 182 and 60179.
7
What is the greatest common factor of 4026043 and 7?
7
What is the greatest common divisor of 90532 and 65?
13
Calculate the highest common divisor of 527532 and 30.
6
Calculate the highest common divisor of 2049 and 3.
3
What is the highest common factor of 781 and 3091?
11
What is the highest common factor of 53321 and 142?
71
Calculate the greatest common factor of 16700 and 100.
100
What is the greatest common divisor of 1291400 and 44?
44
What is the highest common divisor of 84 and 65804?
4
What is the highest common divisor of 7 and 3769?
1
What is the greatest common divisor of 25025 and 591591?
1001
What is the highest common divisor of 910 and 105756?
14
What is the highest common divisor of 170338 and 322?
322
What is the greatest common divisor of 25 and 20255?
5
Calculate the greatest common divisor of 362 and 663908.
362
What is the greatest common divisor of 669587 and 109?
109
What is the highest common factor of 1214377 and 74?
37
Calculate the highest common factor of 49194 and 13878.
54
Calculate the greatest common divisor of 777 and 139749.
111
Calculate the greatest common divisor of 1825 and 196370.
365
What is the highest common divisor of 516 and 5064?
12
What is the highest common factor of 43952 and 410?
82
What is the greatest common divisor of 714 and 444006?
102
Calculate the highest common factor of 73 and 7998391.
73
Calculate the greatest common divisor of 1955 and 7565.
85
Calculate the highest common factor of 8075 and 17.
17
Calculate the greatest common factor of 11102 and 1183.
91
Calculate the highest common divisor of 9450 and 56.
14
Calculate the greatest common divisor of 13690 and 50.
10
What is the highest common divisor of 14 and 47048?
2
Calculate the highest common divisor of 576 and 538236.
36
Calculate the highest common factor of 7758 and 779248.
862
Calculate the greatest common divisor of 288 and 99024.
48
What is the highest common divisor of 16116 and 2528?
316
Calculate the highest common factor of 26038 and 11656.
94
Calculate the greatest common factor of 12141 and 122901.
213
What is the greatest common factor of 2641202 and 106?
106
What is the greatest common factor of 1986 and 12?
6
Calculate the greatest common factor of 206 and 164182.
206
What is the greatest common divisor of 12 and 1306092?
12
What is the highest common factor of 4395500 and 298?
298
Calculate the highest common factor of 628 and 157314.
314
What is the greatest common factor of 30 and 349926?
6
What is the highest common factor of 61566 and 372?
186
What is the greatest common divisor of 6554 and 10396?
226
What is the highest common divisor of 114 and 1411339?
19
What is the highest common factor of 1236 and 43608?
12
Calculate the highest common factor of 6310336 and 172.
172
What is the highest common factor of 851 and 174677?
37
What is the greatest common divisor of 26182 and 351?
13
What is the greatest common factor of 3300 and 9780?
60
What is the highest common factor of 10935 and 795?
15
What is the greatest common divisor of 3894 and 14454?
66
What is the highest common divisor of 51 and 3094527?
51
Calculate the greatest common factor of 54 and 1022031.
27
What is the highest common factor of 22 and 10538?
22
Calculate the highest common divisor of 955 and 35.
5
What is the highest common factor of 3296 and 11848?
8
Calculate the highest common factor of 21199 and 106726.
731
Calculate the highest common divisor of 162582 and 632.
158
Calculate the highest common factor of 435 and 2604345.
435
Calculate the highest common divisor of 13465 and 160.
5
Calculate the highest common divisor of 3892 and 40588.
556
Calculate the greatest common factor of 15 and 132200.
5
What is the highest common divisor of 187880 and 4235?
385
What is the greatest common divisor of 8 and 230912?
8
Calculate the greatest common factor of 7953 and 363.
33
What is the greatest common factor of 180500 and 57?
19
What is the highest common factor of 124984 and 408?
136
Calculate the highest common factor of 106546 and 22378.
334
Calculate the highest common divisor of 78120 and 93.
93
Calculate the highest common divisor of 10 and 122.
2
What is the highest common factor of 102 and 41871?
51
What is the greatest common factor of 31 and 72974?
31
What is the highest common factor of 2016940 and 40?
20
Calculate the greatest common divisor of 5993696 and 32.
32
What is the greatest common factor of 230383 and 1?
1
Calculate the highest common factor of 427229 and 187.
11
Calculate the greatest common divisor of 432424 and 1981.
283
Calculate the highest common factor of 385 and 29799.
77
What is the highest common divisor of 34 and 6650162?
34
What is the highest common divisor of 24 and 3342?
6
What is the greatest common factor of 209 and 1375?
11
What is the highest common divisor of 79116 and 696?
12
What is the greatest common divisor of 13754 and 13?
13
Calculate the greatest common divisor of 27445 and 715.
55
Calculate the highest common divisor of 496 and 14477.
